igit of 35200536?
2
What is the ten millions digit of 482926113?
8
What is the tens digit of 4318631493?
9
What is the hundreds digit of 269838349?
3
What is the ten millions digit of 157806697?
5
What is the ten thousands digit of 1224397414?
9
What is the ten thousands digit of 14813726?
1
What is the hundred thousands digit of 60775488?
7
What is the billions digit of 2363946864?
2
What is the hundreds digit of 1492722020?
0
What is the ten thousands digit of 2789367292?
6
What is the thousands digit of 210268718?
8
What is the thousands digit of 178874584?
4
What is the tens digit of 65129141?
4
What is the hundreds digit of 535681540?
5
What is the hundreds digit of 342927031?
0
What is the hundred millions digit of 571999968?
5
What is the thousands digit of 47500974?
0
What is the thousands digit of 1372260275?
0
What is the billions digit of 3170425454?
3
What is the units digit of 116234856?
6
What is the millions digit of 12582041?
2
What is the units digit of 1587328622?
2
What is the units digit of 1059602329?
9
What is the billions digit of 4583738020?
4
What is the hundred thousands digit of 376740932?
7
What is the tens digit of 1121113683?
8
What is the hundred thousands digit of 63363060?
3
What is the units digit of 359229971?
1
What is the hundred thousands digit of 62884749?
8
What is the units digit of 309766652?
2
What is the ten thousands digit of 5232067?
3
What is the thousands digit of 23029769?
9
What is the millions digit of 286462084?
6
What is the ten millions digit of 509302685?
0
What is the tens digit of 170064512?
1
What is the billions digit of 5831715664?
5
What is the hundreds digit of 262264425?
4
What is the ten millions digit of 74407674?
7
What is the tens digit of 15044087?
8
What is the ten millions digit of 1470858460?
7
What is the tens digit of 295833001?
0
What is the hundreds digit of 52390137?
1
What is the millions digit of 36268019?
6
What is the hundreds digit of 51489109?
1
What is the units digit of 1659615159?
9
What is the units digit of 127650898?
8
What is the ten thousands digit of 309739003?
3
What is the ten thousands digit of 918510455?
1
What is the units digit of 48765700?
0
What is the billions digit of 4854885244?
4
What is the thousands digit of 92004470?
4
What is the hundred millions digit of 2975694703?
9
What is the hundred thousands digit of 118320790?
3
What is the ten thousands digit of 7152469314?
6
What is the hundred thousands digit of 117249981?
2
What is the hundred thousands digit of 5879842346?
8
What is the tens digit of 207882217?
1
What is the tens digit of 58102631?
3
What is the units digit of 1720478630?
0
What is the units digit of 85057997?
7
What is the hundred thousands digit of 812656291?
6
What is the hundred thousands digit of 4830784?
8
What is the millions digit of 32659938?
2
What is the hundreds digit of 1764193391?
3
What is the hundred millions digit of 179633580?
1
What is the ten millions digit of 604235008?
0
What is the units digit of 4123013720?
0
What is the tens digit of 32197739?
3
What is the hundred millions digit of 554711063?
5
What is the hundred thousands digit of 40208587?
2
What is the hundred thousands digit of 98163475?
1
What is the hundred thousands digit of 110502172?
5
What is the thousands digit of 12589202?
9
What is the hundred millions digit of 159200132?
1
What is the millions digit of 99388162?
9
What is the thousands digit of 725306797?
6
What is the units digit of 134483508?
8
What is the thousands digit of 6816224999?
4
What is the millions digit of 670151822?
0
What is the units digit of 114295597?
7
What is the hundreds digit of 184134416?
4
What is the units digit of 119708734?
4
What is the hundred millions digit of 1567334149?
5
What is the units digit of 1412846254?
4
What is the tens digit of 95354081?
8
What is the hundred thousands digit of 170447530?
4
What is the tens digit of 109120747?
4
What is the ten millions digit of 515535074?
1
What is the hundreds digit of 893890978?
9
What is the hundreds digit of 29732747?
7
What is the hundreds digit of 66368277?
2
What is the hundred thousands digit of 270705304?
7
What is the hundreds digit of 1926580443?
4
What is the ten thousands digit of 100564989?
6
What is the millions digit of 7287332537?
7
What is the ten millions digit of 43259253?
4
What is the units digit of 575636905?
5
What is the tens digit of 177960767?
6
What is the ten millions digit of 2162497592?
6
What is the tens digit of 1234398140?
4
What is the hundreds digit of 859384535?
5
What is the tens digit of 100698150?
5
What is the thousands digit of 82595709?
5
What is the millions digit of 4715813?
4
What is the hundred thousands digit of 228902741?
9
What is the ten thousands digit of 31060694?
6
What is the hundreds digit of 2846873806?
8
What is the units digit of 30890631?
1
What is the ten millions digit of 512677724?
1
What is the units digit of 151220010?
0
What is the billions digit of 5671155756?
5
What is the hundred thousands digit of 1416096153?
0
What is the hundred thousands digit of 110750192?
7
What is the ten thousands digit of 217365086?
6
What is the ten thousands digit of 96036453?
3
What is the ten millions digit of 38377554?
3
What is the ten thousands digit of 261024612?
2
What is the units digit of 237973569?
9
What is the units digit of 816372001?
1
What is the units digit of 4003404?
4
What is the thousands digit of 32677275?
7
What is the hundred millions digit of 878149833?
8
What is the ten millions digit of 1689770535?
8
What is the ten thousands digit of 59273113?
7
What is the millions digit of 39532838?
9
What is the ten millions digit of 464683437?
6
What is the units digit of 562775074?
4
What is the units digit of 16146419?
9
What is the ten thousands digit of 84292358?
9
What is the units digit of 2312040?
0
What is the hundred thousands digit of 6730568?
7
What is the units digit of 3744234257?
7
What is the hundreds digit of 4145264227?
2
What is the thousands digit of 55576099?
6
What is the ten thousands digit of 2869978605?
7
What is the tens digit of 3570979021?
2
What is the thousands digit of 16404645?
4
What is the units digit of 35636449?
9
What is the ten thousands digit of 237297380?
9
What is the millions digit of 27171999?
7
What is the hundred millions digit of 294416854?
2
What is the millions digit of 4416453283?
6
What is the ten millions digit of 2878579062?
7
What is the ten millions digit of 134089521?
3
What is the hundred thousands digit of 34104650?
1
What is the hundred thousands digit of 46821333?
8
What is the hundred thousands digit of 3035431176?
4
What is the ten millions digit of 277537122?
7
What is the units digit of 224678097?
7
What is the hundreds digit of 254720673?
6
What is the units digit of 1786136591?
1
What is the millions digit of 18051162?
8
What is the ten thousands digit of 390072385?
7
What is the hundred thousands digit of 358217383?
2
What is the hundreds digit of 295792421?
4
What is the ten millions digit of 672089366?
7
What is the tens digit of 34882881?
8
What is the ten millions digit of 9441978101?
4
What is the ten thousands digit of 278996868?
9
What is the ten millions digit of 141456585?
4
What is the ten millions digit of 220782275?
2
What is the tens digit of 540627958?
5
What is the ten millions digit of 1015256722?
1
What is the thousands digit of 1603642310?
2
What is the tens digit of 89652764?
6
What is the ten thousands digit of 25199195?
9
What is the units digit of 39793080?
0
What is the billions digit of 1810280294?
1
What is the tens digit of 147584132?
3
What is the thousands digit of 5922591?
2
What is the thousands digit of 5236792675?
2
What is the hundreds digit of 2120325268?
2
What is the tens digit of 263958831?
3
What is the hundreds digit of 34911023?
0
What is the hundreds digit of 1433638726?
7
What is the hundreds digit of 2601727344?
3
What is the thousands digit of 10624391?
4
What is the hundred millions digit of 222144043?
2
What is the hundreds digit of 112640567?
5
What is the tens digit of 334371267?
6
What is the units digit of 1992156923?
3
What is the hundred thousands digit of 992539953?
5
What is the hundred thousands digit of 31588351?
5
What is the